ose 5*k - 391 = 4*n, n - 22 = 2*k - 176. Calculate the remainder when k is divided by 13.
10
Suppose -17*m - 704 = -61*m. Let b = 1 + 76. Calculate the remainder when b is divided by m.
13
Let n(s) = s - 8. Let c(g) = -9*g - 13. Calculate the remainder when n(16) is divided by c(-2).
3
Let l(j) = 3*j**2 - 20*j - 2. What is the remainder when 138 is divided by l(8)?
18
Let g be -2 + -3 + -3 + 13. Suppose 5*q + 4*l + l = 10, g*l - 10 = 2*q. Suppose -6*u + u + 425 = q. What is the remainder when u is divided by 29?
27
Let m(y) = 2*y - 2. Let i(d) = -d + 1. Let j(s) = 5*i(s) + 3*m(s). Calculate the remainder when 18 is divided by j(8).
4
Suppose 17*g - 7*g - 1020 = 0. Calculate the remainder when 508 is divided by g.
100
Suppose -q + 139 = y - 340, 4*q = 5*y - 2404. Suppose -y = u - 5*u. Suppose -v - 4*v + u = 0. What is the remainder when 46 is divided by v?
22
Calculate the remainder when 62 is divided by 643/1286 - -33*(-1)/(-2).
11
What is the remainder when 347 is divided by (-34)/(-119) - (-865)/35?
22
Let f = 310 + -162. Suppose f - 356 = -2*s. Suppose -88 = -3*r + o, -s = -4*r - 3*o + o. What is the remainder when r is divided by 10?
8
Let w be 2/(-4) + (-609)/14. What is the remainder when 66 is divided by -3*(46/(-8))/((-33)/w)?
20
Suppose 0 = 2*l - 0*l - 16. Let o(n) = -3*n**3 + 4*n**2 + 6*n + 6. Let g be o(-4). What is the remainder when (-4)/(-16) - g/(-8) is divided by l?
6
Let j = 15 - 5. Calculate the remainder when 37*(1 + 1)/2 is divided by j.
7
Suppose -5*n - 40 = -4*g, 5*n = -g - 3 + 38. Suppose -2*l - 5*h = -0*l - 108, 2*l + 2*h - 96 = 0. What is the remainder when l is divided by g/(-2)*(-6)/3?
14
Let w(m) = m**2 - m. Let k(b) = -b**3 - 3*b**2 + b - 4. Let j be k(-4). Suppose -6*l - 4 = -j*l. What is the remainder when 4 is divided by w(l)?
0
Let a = 29 - 17. Suppose 5*x + 3*f - 229 = 0, f - 3 = -0*f. What is the remainder when x is divided by a?
8
Suppose -21 = -4*b + 139. Suppose -4*z + 17 + 14 = -3*w, -33 = -5*z - 2*w. What is the remainder when b is divided by z?
5
Let a(p) = p**3 - 10*p**2 + 9*p + 9. Let m be a(9). Suppose -m = l - 40. What is the remainder when l is divided by 8?
7
Suppose -3*l = -8*l + 10. Suppose -l*o = 3*o - 155. Suppose -168 = -4*y - 100. What is the remainder when o is divided by y?
14
Let z be (10 - 9)/((-1)/(-2)). Suppose 2*p = 2*b - 18, z*b = p + 3*p + 8. Calculate the remainder when 54 is divided by b.
12
Let w = 173 + 510. What is the remainder when w is divided by 114?
113
Let t = -66 - -157. Suppose 6*u = 791 + t. What is the remainder when u is divided by 25?
22
Let t = -2 - -4. Let l be -59 - 1/(t/2). Let p = 135 + l. Calculate the remainder when p is divided by 26.
23
Suppose -3*a - 3*z + 2*z = -1254, 3*a - 1254 = 3*z. Calculate the remainder when a is divided by 35.
33
Let v(f) = f + 5. What is the remainder when -3 + -2 + 1 + 3 + 35 is divided by v(7)?
10
Suppose -2*d - 3*a = 0, 10*d - 7*d = 3*a + 30. Let n = 72 + -49. What is the remainder when n is divided by d?
5
Let d = -18 + -22. Let h be ((-2)/(-4))/(4/24). What is the remainder when 7 is divided by (d/12)/((-2)/h)?
2
Let y be (-1274)/(-65) - 6/10. Let i = -15 + y. What is the remainder when i is divided by 1?
0
Let q = 0 + 4. Suppose 8 = -4*i + 6*i - 2*r, -r = -5*i + 32. Suppose -11*f = -i*f - 24. Calculate the remainder when f is divided by q.
2
Let f(b) = 61*b - 513. What is the remainder when 370 is divided by f(9)?
10
Suppose 3*h - 7*h + 32 = 0. Calculate the remainder when 13 is divided by h.
5
Calculate the remainder when (1/(-2))/(3/702*-1) is divided by 40.
37
Let r(q) = -q**3 - 12*q**2 + q + 18. Let l be r(-12). What is the remainder when 3*21 + 0 - -2 is divided by (l - 10)*(-34)/8?
14
Let x = -4 + 25. What is the remainder when x is divided by 7?
0
Let d be ((-5)/10)/(2/(-2068)). Let n be d/(-99) + 4/18. Let j(b) = b + 10. What is the remainder when 14 is divided by j(n)?
4
Let h(l) = 13*l**2 + 3*l + 2. Let y = -26 + 25. What is the remainder when 19 is divided by h(y)?
7
Suppose -434 = 5*p - 904. Calculate the remainder when p is divided by 1.
0
Suppose -8*k + 13*k - 32 = -r, -2*k + 57 = 3*r. Calculate the remainder when 96 is divided by r.
11
Let z = 2 - -10. Let y(n) = 9*n**2 + 7*n + 4. Let a be y(-9). What is the remainder when a/20 - 2/4 is divided by z?
9
Let x = -56 + 56. Suppose x = -2*n - 53 + 181. What is the remainder when n is divided by 13?
12
Suppose 3*y - 80 = -2*y. Let w = 12 - y. Calculate the remainder when 6/w*136/(-6) is divided by 9.
7
Suppose -55 - 3 = -3*j - 2*u, 3*u - 95 = -5*j. Let l = j + -3. Let x(w) = 4*w + 142. Calculate the remainder when x(-20) is divided by l.
10
Suppose -5*a - 4*h = -9, 4 = 2*a - h + 3. Let l(q) = 40*q**3 + q - 1. Let g be l(a). Let y = -4 + g. What is the remainder when y is divided by 19?
17
Suppose -1 = 9*j - 19. Suppose -189 = -5*u - 3*q, 28 + 29 = j*u - 5*q. What is the remainder when u is divided by 13?
10
Let h(t) = 2*t**3 - 8*t**2 + 10*t + 1. Calculate the remainder when h(6) is divided by 70.
65
Suppose 0*u - 3*u = -213. Suppose -6*d = y - 2*d - 57, 5*y - 195 = -2*d. What is the remainder when u is divided by y?
34
Let v = -121 - -371. What is the remainder when v is divided by 28?
26
Let d be (-15)/20 + 267/4. Suppose -2*i + 14 = -d. What is the remainder when 159 is divided by i?
39
Suppose 5*h = -5*l - 1 + 16, 5*l = -h + 19. Suppose -2 = -l*c + 254. Let j(w) = 2*w**2 - 174*w + 1553. What is the remainder when c is divided by j(77)?
12
Suppose 5 = 2*z - 1. Suppose 6 = -3*b + 5*g, 4*b - z*g - 6 = -b. Let s = 36 + b. What is the remainder when s is divided by 20?
19
Suppose -2*b - 5*i = -8*i, 2*b - 2*i = 4. What is the remainder when 34 is divided by b?
4
Suppose 12 = -3*y + 5*y. Let s = -12 - -17. Suppose 2*u = s*u - 48. What is the remainder when u is divided by y?
4
Let n be (12/8)/((-3)/(-200)). Suppose 3*w + 0*x - 2*x = 276, -2*x = w - n. Calculate the remainder when w is divided by 24.
22
Let s(b) = -7*b**2 + 10*b**2 + 6 - 2 - b**2. Let u(v) = -2*v + 5. Let t be u(4). Calculate the remainder when 41 is divided by s(t).
19
Let c(r) = -r - 10. Let l be c(-7). What is the remainder when ((-413)/(-14))/(l/(-12)*1) is divided by 30?
28
Suppose 4*p - 181 = s, 4*p - 12 = 2*s + 170. Suppose -28*x + 25*x + 33 = 4*r, 5*r = -5*x + 35. What is the remainder when p is divided by r?
9
Let r = -213 - -229. Suppose -y - 4*y = -155. Calculate the remainder when y is divided by r.
15
Suppose -l = -v + 74, -3*v + 2*v + 3*l + 84 = 0. Suppose -v = -4*z + 35. What is the remainder when (-308)/(-6) - 1/3 is divided by z?
25
Suppose 12*m + 209 = 15*m + 35. Suppose 49 = 4*i + 5*q, -58 = -4*i - q - q. Calculate the remainder when m is divided by i.
10
Suppose 22*a - 77*a = -6820. Calculate the remainder when 495 is divided by a.
123
Let x be (-2)/3*(-48 - (2 + -2)). Suppose 0 = -2*b - 4*p + 12, 3*b - p = -0*p + x. What is the remainder when 2/2 - -1*37 is divided by b?
8
Suppose 53*s + 913 = 64*s. Let f(a) = -a**3 + 6*a**2 - 4*a + 1. Calculate the remainder when s is divided by f(4).
15
Let u(y) = 3*y**2 + 23*y - 45. Calculate the remainder when u(-11) is divided by 34.
31
Let n(o) = -o - o - 77 + 95. Calculate the remainder when n(8) is divided by 1.
0
Suppose 79 = 3*h - c, 2*h - 6*c + 4*c = 46. Let y = h - 20. What is the remainder when 11 is divided by y?
3
Let n be 5/35 + (-58)/14. Calculate the remainder when 51 is divided by -1*((-21)/(-28) + 55/n).
12
Suppose -4*x = -o - 8, 2*o - 3*x + 6 = -0*o. Let s = -359 + 514. Suppose k = -3*b + 33, -5*k - 5*b + s = -o*k. Calculate the remainder when k is divided by 11.
8
Suppose -4*p + 2 = 10, 4*k - 4*p - 32 = 0. Let q(u) = -u**3 + u + 11. Let g be 1/(5 + -3)*0. Calculate the remainder when q(g) is divided by k.
5
Let p(v) = 6*v**2 + 56*v - 7. Calculate the remainder when 720 is divided by p(-11).
102
Let d(f) = -31*f**2 - f + 188. Calculate the remainder when d(0) is divided by 35.
13
Let c = 52 + -11. Let j be (-7)/(-35) + (-21)/5. What is the remainder when c is divided by j/(-22) + 304/22?
13
Let k(j) be the third derivative of -5*j**2 + 7/60*j**5 + 0 + 0*j + 5/12*j**4 + 7/6*j**3 - 1/120*j**6. What is the remainder when 68 is divided by k(8)?
22
Let l(t) = -25*t - 324. Calculate the remainder when l(-17) is divided by 29.
14
